9387
What are the prime factors of 9530599?
13, 733123
What are the prime factors of 1073162333?
2551, 420683
What are the prime factors of 232288368?
2, 3, 13, 37, 10061
List the prime factors of 2328763456.
2, 36386929
List the prime factors of 119968717.
11, 19, 52183
List the prime factors of 1311644781.
3, 43, 751, 4513
List the prime factors of 128263583.
7, 18323369
List the prime factors of 927036166.
2, 7, 66216869
What are the prime factors of 79369696?
2, 7, 354329
List the prime factors of 1401652833.
3, 7, 37, 197, 9157
What are the prime factors of 143581386?
2, 3, 13, 37, 43, 89
What are the prime factors of 1573313756?
2, 7, 17, 43, 79, 139
What are the prime factors of 148495354?
2, 7, 10606811
What are the prime factors of 4091538464?
2, 13, 379, 25951
List the prime factors of 100173471.
3, 33391157
What are the prime factors of 305708070?
2, 3, 5, 43, 236983
What are the prime factors of 179492558?
2, 7, 1667, 7691
What are the prime factors of 1368298012?
2, 43, 79, 100699
What are the prime factors of 107920780?
2, 5, 11, 490549
List the prime factors of 1001608714.
2, 500804357
What are the prime factors of 2920397?
2920397
What are the prime factors of 151893863?
11, 23, 600371
What are the prime factors of 67866197?
7, 9695171
What are the prime factors of 223041280?
2, 5, 7, 11, 31, 73
List the prime factors of 379781843.
7, 73, 10181
List the prime factors of 1559940795.
3, 5, 7, 131, 12601
What are the prime factors of 4738642?
2, 67, 35363
List the prime factors of 137795417.
137795417
What are the prime factors of 800809597?
7, 43, 380071
What are the prime factors of 833918425?
5, 17, 1962161
What are the prime factors of 1960831086?
2, 3, 491, 665591
List the prime factors of 170169386.
2, 541, 157273
What are the prime factors of 698002082?
2, 17, 20529473
List the prime factors of 5257346.
2, 61, 43093
List the prime factors of 6699337209.
3, 744370801
List the prime factors of 3660863350.
2, 5, 41, 881, 2027
What are the prime factors of 79492945?
5, 7, 23, 14107
List the prime factors of 688275984.
2, 3, 11, 1303553
What are the prime factors of 794521812?
2, 3, 7, 103, 131, 701
List the prime factors of 477185506.
2, 7, 34084679
What are the prime factors of 1216900394?
2, 1877, 324161
List the prime factors of 8038155547.
8038155547
List the prime factors of 51652357.
51652357
What are the prime factors of 84798120?
2, 3, 5, 11, 227, 283
List the prime factors of 45317231.
45317231
List the prime factors of 25900262.
2, 12950131
List the prime factors of 85686419.
7, 13, 941609
List the prime factors of 2809029824.
2, 47, 933853
List the prime factors of 1043788163.
11, 83, 401, 2851
What are the prime factors of 6254172663?
3, 5021, 415201
What are the prime factors of 403760089?
19, 31, 109, 331
List the prime factors of 13947943.
2063, 6761
List the prime factors of 132325121.
132325121
List the prime factors of 889679077.
7, 23, 240259
What are the prime factors of 196188304?
2, 13, 943213
What are the prime factors of 103242890?
2, 5, 10324289
List the prime factors of 672626334.
2, 3, 19, 5900231
List the prime factors of 204039888.
2, 3, 13, 97, 3371
List the prime factors of 2969432485.
5, 83, 373, 19183
List the prime factors of 81988989.
3, 2579, 10597
What are the prime factors of 89656710?
2, 3, 5, 11, 13, 20899
List the prime factors of 444800724.
2, 3, 29, 1278163
What are the prime factors of 58661625?
3, 5, 11, 14221
What are the prime factors of 680072755?
5, 5581, 24371
List the prime factors of 3513570655.
5, 7, 59, 1701487
What are the prime factors of 2218002442?
2, 1109001221
List the prime factors of 1253839776.
2, 3, 7, 131, 14243
List the prime factors of 285858629.
7, 19, 251, 8563
List the prime factors of 495010264.
2, 7, 2719, 3251
List the prime factors of 633562100.
2, 5, 37, 171233
What are the prime factors of 449122035?
3, 5, 23, 89, 14627
What are the prime factors of 6037341537?
3, 929, 2166251
List the prime factors of 7027591054.
2, 11, 29, 11015033
What are the prime factors of 39281669?
7, 59, 227, 419
What are the prime factors of 879884371?
2287, 384733
List the prime factors of 87702685.
5, 7, 2505791
List the prime factors of 35153752.
2, 23, 31, 6163
What are the prime factors of 36821151?
3, 4091239
What are the prime factors of 16052657?
16052657
What are the prime factors of 2238035318?
2, 59, 18966401
List the prime factors of 1196450643.
3, 41, 9727241
What are the prime factors of 499766138?
2, 41, 1423, 4283
What are the prime factors of 1279408484?
2, 319852121
What are the prime factors of 545366889?
3, 60596321
What are the prime factors of 24992825?
5, 11, 13, 6991
What are the prime factors of 609341082?
2, 3, 7, 14508121
List the prime factors of 1369728863.
37, 1237, 29927
List the prime factors of 106223728.
2, 13, 510691
What are the prime factors of 941408510?
2, 5, 7, 13448693
What are the prime factors of 3758201408?
2, 13, 29, 109, 1429
What are the prime factors of 1322439382?
2, 11, 29, 2072789
What are the prime factors of 547553355?
3, 5, 36503557
What are the prime factors of 64695605?
5, 13, 31, 97, 331
List the prime factors of 62568902.
2, 11, 241, 11801
List the prime factors of 6471167463.
3, 67, 137, 26111
What are the prime factors of 884009449?
59, 241, 62171
What are the prime factors of 1135419572?
2, 7, 1879, 3083
What are the prime factors of 50380876?
2, 7, 13, 61, 2269
What are the prime factors of 68374761?
3, 7, 13, 211, 1187
What are the prime factors of 2815295010?
2, 3, 5, 11, 8531197
List the prime factors of 950062220.
2, 5, 139, 341749
What are the prime factors of 103707891?
3, 7, 548719
What are the prime factors of 2847481312?
2, 13, 6844907
What are the prime factors of 3105383586?
2, 3, 517563931
List the prime factors of 1517903.
1049, 1447
What are the prime factors of 101871033?
3, 11, 1597, 1933
List the prime factors of 1396774035.
3, 5, 61, 199, 2557
What are the prime factors of 568739728?
2, 37, 960709
List the prime factors of 1716025689.
3, 7, 563, 16127
What are the prime factors of 198302524?
2, 7, 7082233
What are the prime factors of 54819642?
2, 3, 73, 257, 487
What are the prime factors of 88001634?
2, 3, 7, 23, 91099
List the prime factors of 89408295.
3, 5, 97, 20483
List the prime factors of 470693575.
5, 11, 1711613
List the prime factors of 6111947696.
2, 13267, 28793
List the prime factors of 2798081941.
41, 68245901
What are the prime factors of 34407860?
2, 5, 19, 90547
List the prime factors of 131714714.
2, 41, 1606277
List the prime factors of 2636522085.
3, 5, 23, 59, 129527
List the prime factors of 135134939.
43, 71, 44263
What are the prime factors of 266437539?
3, 587, 16811
List the prime factors of 1054249301.
7, 150607043
List the prime factors of 172245805.
5, 373, 92357
List the prime factors of 106387096.
2, 13298387
List the prime factors of 64854642.
2, 3, 47, 229981
What are the prime factors of 452399553?
3, 16755539
List the prime factors of 63182052.
2, 3, 585019
List the prime factors of 380613064.
2, 13, 67, 54623
List the prime factors of 2080387588.
2, 53, 9813149
What are the prime factors of 258433345?
5, 19, 37, 73523
List the prime factors of 96666314.
2, 48333157
What are the prime factors of 1296011535?
3, 5, 7, 13, 135637
List the prime factors of 604283310.
2, 3, 5, 31, 59, 3671
What are the prime factors of 60600009?
3, 23, 31, 41, 691
List the prime factors of 5045609536.
2, 11, 7167059
List the prime factors of 3483811325.
5, 29, 4805257
List the prime factors of 84998587.
103, 825229
What are the prime factors of 65462250?
2, 3, 5, 7, 37, 337
What are the prime factors of 830548420?
2, 5, 13, 3194417
List the prime factors of 1384072240.
2, 5, 1429, 12107
What are the prime factors of 211997071?
11, 13, 401, 3697
What are the prime factors of 4433998?
2, 2216999
List the prime factors of 410368712.
2, 13, 17, 232109
What are the prime factors of 19628991?
3, 2180999
List the prime factors of 312597258.
2, 3, 17, 3064679
List the prime factors of 39086136.
2, 3, 619, 877
List the prime factors of 1756153584.
2, 3, 17, 19, 2221
What are the prime factors of 21790118?
2, 7, 421, 3697
What are the prime factors of 108338036?
2, 709, 38201
List the pri